pose 2*z + 3*z - 15 = 0. Suppose 44 = z*x - x. What is the remainder when 64 is divided by x?
20
Suppose 6*f = -5*v + 3*f, -4*f + 17 = v. What is the remainder when 65 is divided by -1 + (-3 - -24) + v?
14
Let t = 12 - 9. Suppose -6 = p - t*p. Calculate the remainder when 36 is divided by 21 - (0 - (-6)/p).
17
Suppose 7*x - 3006 = -11*x. What is the remainder when x is divided by 8?
7
Let z(q) = q**3 + 4*q**2 + 2. Let l be z(-4). Let k(a) = 5*a**3 - 2*a**2 - a - 2. What is the remainder when 83 is divided by k(l)?
27
What is the remainder when 150 is divided by 225/21 - 13/(91/(-2))?
7
Suppose 16 = 2*q + 6*q. Suppose 0 = 3*v - 2*h - 161, q*v - 114 = 2*h + h. Calculate the remainder when v is divided by 13.
12
Let r(u) = -3*u + 1. Let n be r(-1). Let a be (-25)/n*4/(-1). Suppose -2*l = -7*l + a. What is the remainder when 19 is divided by l?
4
Let u(v) = 2*v**2 + 3*v + 1. Suppose -3*a = -0*a + 9. Calculate the remainder when -4 + -42*1*-1 is divided by u(a).
8
Suppose -4*n - 12 = 2*d, -5*d - n = -d + 3. Let u be (1 + (-129)/(-9))/(4/90). Suppose 7*w - 2*w - u = d. Calculate the remainder when w is divided by 24.
21
Let v(x) = -12*x - 299. Let n(y) = -17*y**2 - y + 2. Let z be n(-2). Let k = 114 + z. Calculate the remainder when k is divided by v(-26).
11
Suppose -10 = 4*a - 2*w, a - 5 = 3*w + 5. What is the remainder when (103/(-5))/(1/a) is divided by 26?
25
Suppose -516 = -214*k + 202*k. Calculate the remainder when 161 is divided by k.
32
Calculate the remainder when 244 is divided by (-15750)/(-207) - (-12)/(-138).
16
Let w = 466 - 458. What is the remainder when 236 is divided by w?
4
Let l(x) = 99*x - 1121. Let w = -37 - -65. Calculate the remainder when l(13) is divided by w.
26
Let s = -254 + 306. Calculate the remainder when s is divided by 12.
4
Suppose 5*v - 135 = -4*i, 52 = 2*v + 31*i - 29*i. What is the remainder when 1145 is divided by v?
29
Suppose 8*u - 9*u - 1 = 0. Let q be (29/(-2) + u)*2. Let m = -24 - q. Calculate the remainder when 11 is divided by m.
4
Suppose 0 = 3*r - 20*r + 51. Suppose -d - d - 5*z = -221, r*z + 138 = d. Calculate the remainder when d is divided by 40 - (-1 - (1 - 0)).
39
Let x be 3*(-1 + 0)*-1. Suppose 0 = 6*b - x*b. Suppose h - 3*a - 1 = b, 2*h - 3*a - 5 = -0*h. Calculate the remainder when 8 is divided by h.
0
Let z be (-1 + 7)/(18/(-12)). Let r(m) = -11*m - 12. Calculate the remainder when 92 is divided by r(z).
28
Suppose 104 = -3*n + 7*n. Let i(q) = -q**2 - 31*q + 826. Calculate the remainder when n is divided by i(17).
6
Suppose 6*a - t + 3 = 2*a, -a + t = 0. Let w = a - -14. Let y = w + 6. Calculate the remainder when y is divided by 11.
8
Suppose 5*b - 175*p - 26 = -173*p, -5*b + 32 = -4*p. Let l(j) = -3*j. Calculate the remainder when b is divided by l(-1).
1
Calculate the remainder when 5*(-9)/90*-306 is divided by 3.
0
Let p = -27 + 39. Calculate the remainder when 312/(-52)*((-165)/10)/(-2 + 5) is divided by p.
9
Let o = -156 - -168. What is the remainder when 29 is divided by o?
5
What is the remainder when 260 is divided by 4*(355/20 - 1)?
59
Suppose p + s - 222 = 0, 25*p - 4*s - 701 = 22*p. Calculate the remainder when p is divided by 23.
20
Let c = 47 - 7. Suppose 1016 = 9*z - 406. What is the remainder when z is divided by c?
38
Let o be (-10)/(-2)*(22 + 0). Let w = o + -96. Calculate the remainder when 68 is divided by w.
12
Suppose -213*g + 194*g + 190 = 0. What is the remainder when 21 is divided by g?
1
Suppose 0 = 3*h - z - 28, 4 = 5*z + 9. Let g = 52 - h. What is the remainder when g is divided by 19?
5
Suppose 24 = 3*q + 18. Suppose -q*n + 27 - 5 = 0. Calculate the remainder when 19 is divided by n.
8
Let h be (59 + -2)*6/9. Let k = h + -1. Calculate the remainder when k is divided by 10.
7
Suppose 10 = 5*k - 0. Suppose k*v = 5*d - 167, 4*v = d + d - 70. Calculate the remainder when 63 is divided by d.
30
Suppose 2*r = 4, 14 = 3*l - 5*r - 102. What is the remainder when l is divided by 20?
2
Suppose -2 = 5*n - 3*n. Let x be (-9)/3 + (-73)/n. Let z = 137 - x. What is the remainder when z is divided by 14?
11
Suppose 0*o + 22*o = 176. Calculate the remainder when 45 is divided by o.
5
Let j(n) = 9*n + 2. Suppose -4*q = -4*m, 0*q + 5 = q + 4*m. What is the remainder when 19 is divided by j(q)?
8
Suppose -32 = 15*l + 1048. Let v = l + 92. What is the remainder when v is divided by 14?
6
Suppose 4*k - 111 = 6*x - 5*x, k = -5*x + 33. What is the remainder when 134 is divided by k?
22
Let t = -1 - 2. Let u be t - 0 - (-32)/4. Suppose 3*g - 5*x - 122 = 0, 2*g - u*x + 116 = 6*g. What is the remainder when g is divided by 9?
7
Let m = 76 - -9. What is the remainder when m is divided by 15?
10
Let i be (-1)/4*5*-4. Suppose -3*b + 25 = -v, 17 = i*b - 3*b - v. Suppose -l = -b - 0. What is the remainder when 14 is divided by l?
6
Let d(n) = -3*n**3 - 12*n**2 + 14*n + 3. What is the remainder when 391 is divided by d(-6)?
121
Let o(g) = 3*g - 2. Suppose 17*c - 650 = -89. What is the remainder when c is divided by o(3)?
5
Suppose -84 = -3*v - 3*o, v + 4*o - 76 + 39 = 0. What is the remainder when 345 is divided by v?
20
Suppose -85*h + 74*h = -99. What is the remainder when 33 is divided by h?
6
Let v(r) = -r**2 + 6*r + 8. Let c be v(7). Suppose 5*h - 21 + c = 0. Suppose -h*f + 0*f + 180 = 0. What is the remainder when f is divided by 12?
9
Calculate the remainder when 9/6*(27 + 23) is divided by 6.
3
Let s(w) = -2*w**3 - 6*w**2 + 7*w - 6. Let h be s(4). Let g = 106 + h. What is the remainder when 61 is divided by (g/9)/(2/(-3))?
13
Let x(o) = 6*o**2 - 29*o + 61. Calculate the remainder when x(10) is divided by 25.
21
Suppose -2*c = -0*c - 16. Calculate the remainder when 33 is divided by (1 - (-2 - 16)) + c/(-4).
16
Suppose 160 = 6*x + 40. What is the remainder when 5/x + 454/8 is divided by ((-12)/5)/(2/(-10))?
9
Let p(j) = j**3 - 7*j**2 + 2*j + 9. What is the remainder when p(9) is divided by 19?
18
Suppose -m - w + 65 = -6*w, 0 = -2*m + 3*w + 95. Calculate the remainder when m is divided by -1*-2*(-21)/(-2).
19
Let h = -6 + 11. Suppose 21*c = 14*c + 91. What is the remainder when c is divided by h?
3
Let d = -29 + 31. Suppose d*j + 108 = 8*j. Calculate the remainder when 29 is divided by j.
11
Suppose -186 = -9*d + 354. Calculate the remainder when d is divided by 8.
4
Let f = -6 - -6. Let q = f - -2. Suppose z + q = 19. Calculate the remainder when z is divided by 9.
8
Let f = 44 - 42. Suppose -s = -9 - f. Let c = 1 - -6. Calculate the remainder when s is divided by c.
4
Suppose 2*z - y + 38 = 151, 5*z - 2*y = 282. What is the remainder when z is divided by (-6 + 5)/((-196)/96 - -2)?
8
Let w = 4 - 2. Let q(y) = -2*y + 4. Let t be q(w). What is the remainder when (5 - 5) + 38 + t is divided by 13?
12
Suppose -k + 5*t + 21 = 0, 0 = -30*k + 27*k - t + 95. Calculate the remainder when 133 is divided by k.
9
Let x = -1415 - -1634. What is the remainder when x is divided by 32?
27
Let z(l) = -2*l + 12. What is the remainder when 122 is divided by z(-7)?
18
Suppose 7*c = -3*c - 20. Calculate the remainder when 75 + -2 - 4/(4 + c) is divided by 12.
11
Let l(s) be the third derivative of s**4/8 + 35*s**3/6 + 10*s**2. What is the remainder when l(17) is divided by 22?
20
Let c(a) be the second derivative of -a**3/2 - 11*a**2/2 - 6*a. Let x = 52 + -31. What is the remainder when x is divided by c(-5)?
1
Let q be 3 + -1 + (-2 - 12). Let v = 20 + -54. What is the remainder when 18 is divided by v/(-6) - q/(-18)?
3
Let k be (0*1/4)/(-1 - 0). Calculate the remainder when 4 is divided by 28/(-7) + (8 - k).
0
Calculate the remainder when 157 is divided by 8/6*(-378)/(-12).
31
Let i(u) = u**3 - 65*u**2 + 67*u - 147. What is the remainder when 146 is divided by i(64)?
11
Suppose 0 = -4*l + 14 + 158. Suppose 10*m - 17 - 13 = 0. Suppose 6*r - 33 = m*r. Calculate the remainder when l is divided by r.
10
Let i(x) = 2*x**2 + 64*x - 205. Calculate the remainder when 109 is divided by i(3).
4
Calculate the remainder when 531/2 + (-15)/6 + 0 is divided by 33.
32
Suppose -n - 22 = 4*n - 3*j, 5*j - 18 = -n. Suppose 21*z - 2*f - 16 = 17*z, f + 23 = 5*z. Calculate the remainder when n + 15 + -2 + 2 is divided by z.
3
Let h(g) = g**2 + 24*g - 188. What is the remainder when h(10) is divided by 24?
8
Suppose -5*p + 5